{"id":932,"date":"2024-09-10T14:35:02","date_gmt":"2024-09-10T14:35:02","guid":{"rendered":"https:\/\/deposito.grupoboavistamg.com.br\/?post_type=product&#038;p=932"},"modified":"2024-09-10T14:35:02","modified_gmt":"2024-09-10T14:35:02","slug":"chuveiro-docol-slim-de-parede-cromado","status":"publish","type":"product","link":"https:\/\/deposito.grupoboavistamg.com.br\/?product=chuveiro-docol-slim-de-parede-cromado","title":{"rendered":"Chuveiro Docol Slim De Parede Cromado"},"content":{"rendered":"<h4 class=\"titulo-completo\">UM BANHO SURPREENDENTE<\/h4>\n<div class=\"wd-descriptions wd-widget  tab-style wd-widget-js\" data-widget-js=\"{ &quot;handler&quot;: &quot;ProductDescriptions&quot;, &quot;options&quot;: {} }\">\n<div class=\"wd-content\">\n<div id=\"LongDescription\" class=\"wd-descriptions-panel \">\n<p class=\"wd-descriptions-text\">A delicadeza da forma do novo chuveiro DocolSlim contrasta com a pot\u00eancia, abund\u00e2ncia e o conforto do banho que ele proporciona. A cabe\u00e7a quadrada de dimens\u00e3o generosa (17x17cm.) permite o espa\u00e7amento dos 81 crivos de forma homog\u00eanea, distribuindo os jatos de \u00e1gua para criar uma ampla \u00e1rea de banho. A articula\u00e7\u00e3o da cabe\u00e7a permite ainda mais versatilidade na instala\u00e7\u00e3o.<\/p>\n<\/div>\n<\/div>\n<\/div>\n","protected":false},"excerpt":{"rendered":"<p>UM BANHO SURPREENDENTE A delicadeza da forma do novo chuveiro DocolSlim contrasta com a pot\u00eancia, abund\u00e2ncia e o conforto do&hellip;<\/p>\n","protected":false},"featured_media":938,"template":"","meta":[],"product_cat":[35,17,18],"product_tag":[],"class_list":{"0":"post-932","1":"product","2":"type-product","3":"status-publish","4":"has-post-thumbnail","6":"product_cat-agua","7":"product_cat-banheiro","8":"product_cat-chuveiros","10":"first","11":"instock","12":"shipping-taxable","13":"product-type-simple"},"_links":{"self":[{"href":"https:\/\/deposito.grupoboavistamg.com.br\/index.php?rest_route=\/wp\/v2\/product\/932"}],"collection":[{"href":"https:\/\/deposito.grupoboavistamg.com.br\/index.php?rest_route=\/wp\/v2\/product"}],"about":[{"href":"https:\/\/deposito.grupoboavistamg.com.br\/index.php?rest_route=\/wp\/v2\/types\/product"}],"wp:featuredmedia":[{"embeddable":true,"href":"https:\/\/deposito.grupoboavistamg.com.br\/index.php?rest_route=\/wp\/v2\/media\/938"}],"wp:attachment":[{"href":"https:\/\/deposito.grupoboavistamg.com.br\/index.php?rest_route=%2Fwp%2Fv2%2Fmedia&parent=932"}],"wp:term":[{"taxonomy":"product_cat","embeddable":true,"href":"https:\/\/deposito.grupoboavistamg.com.br\/index.php?rest_route=%2Fwp%2Fv2%2Fproduct_cat&post=932"},{"taxonomy":"product_tag","embeddable":true,"href":"https:\/\/deposito.grupoboavistamg.com.br\/index.php?rest_route=%2Fwp%2Fv2%2Fproduct_tag&post=932"}],"curies":[{"name":"wp","href":"https:\/\/api.w.org\/{rel}","templated":true}]}}