{"id":874,"date":"2024-09-10T12:08:36","date_gmt":"2024-09-10T12:08:36","guid":{"rendered":"https:\/\/deposito.grupoboavistamg.com.br\/?post_type=product&#038;p=874"},"modified":"2024-09-10T12:08:36","modified_gmt":"2024-09-10T12:08:36","slug":"chuveiro-novo-technoshower-autolimpante-cromado-docol","status":"publish","type":"product","link":"https:\/\/deposito.grupoboavistamg.com.br\/?product=chuveiro-novo-technoshower-autolimpante-cromado-docol","title":{"rendered":"Chuveiro Novo Technoshower Autolimpante Cromado Docol"},"content":{"rendered":"<p><strong>Chuveiro Novo Technoshower Autolimpante Cromado\u00a0<a href=\"https:\/\/www.hiperfer.com.br\/docol\">Docol<\/a><\/strong><\/p>\n<p><strong><br \/>\n<\/strong>Maiores benef\u00edcios com inova\u00e7\u00e3o!<br \/>\nO\u00a0<a href=\"https:\/\/www.hiperfer.com.br\/chuveiro-ducha\">chuveiro\u00a0<\/a>Technoshower conta com alta tecnologia tornando a hora do banho a melhor hora do seu dia. Super pr\u00e1tico e inovador ele garante a voc\u00ea um banho relaxante e prazeroso. Al\u00e9m de ser silencioso e compacto, o chuveiro possui f\u00e1cil instala\u00e7\u00e3o, cabe\u00e7a articulada, permitindo o direcionamento do jato, proporcionando maior bem-estar e um jato forte e confort\u00e1vel. Conta tamb\u00e9m com fluxo de \u00e1gua cont\u00ednuo e uniformes, independente da press\u00e3o dispon\u00edvel no local, acabamento cromado com alta resist\u00eancia a corros\u00e3o, conservando a beleza e o brilho do chuveiro por muito mais tempo, restritor de vaz\u00e3o integrado, auxiliando na economia de \u00e1gua, al\u00e9m de ser autolimpante com sistema que remove as impurezas dos crivos, liberando a passagem da \u00e1gua e conter design moderno e sofisticado proporcionando beleza e maior praticidade ao ambiente, deixando-o ainda mais bonito e aconchegante.<\/p>\n","protected":false},"excerpt":{"rendered":"<p>Chuveiro Novo Technoshower Autolimpante Cromado\u00a0Docol Maiores benef\u00edcios com inova\u00e7\u00e3o! O\u00a0chuveiro\u00a0Technoshower conta com alta tecnologia tornando a hora do banho a&hellip;<\/p>\n","protected":false},"featured_media":879,"template":"","meta":[],"product_cat":[35,18],"product_tag":[],"class_list":{"0":"post-874","1":"product","2":"type-product","3":"status-publish","4":"has-post-thumbnail","6":"product_cat-agua","7":"product_cat-chuveiros","9":"first","10":"instock","11":"shipping-taxable","12":"product-type-simple"},"_links":{"self":[{"href":"https:\/\/deposito.grupoboavistamg.com.br\/index.php?rest_route=\/wp\/v2\/product\/874"}],"collection":[{"href":"https:\/\/deposito.grupoboavistamg.com.br\/index.php?rest_route=\/wp\/v2\/product"}],"about":[{"href":"https:\/\/deposito.grupoboavistamg.com.br\/index.php?rest_route=\/wp\/v2\/types\/product"}],"wp:featuredmedia":[{"embeddable":true,"href":"https:\/\/deposito.grupoboavistamg.com.br\/index.php?rest_route=\/wp\/v2\/media\/879"}],"wp:attachment":[{"href":"https:\/\/deposito.grupoboavistamg.com.br\/index.php?rest_route=%2Fwp%2Fv2%2Fmedia&parent=874"}],"wp:term":[{"taxonomy":"product_cat","embeddable":true,"href":"https:\/\/deposito.grupoboavistamg.com.br\/index.php?rest_route=%2Fwp%2Fv2%2Fproduct_cat&post=874"},{"taxonomy":"product_tag","embeddable":true,"href":"https:\/\/deposito.grupoboavistamg.com.br\/index.php?rest_route=%2Fwp%2Fv2%2Fproduct_tag&post=874"}],"curies":[{"name":"wp","href":"https:\/\/api.w.org\/{rel}","templated":true}]}}