{"id":850,"date":"2024-08-30T17:46:36","date_gmt":"2024-08-30T17:46:36","guid":{"rendered":"https:\/\/deposito.grupoboavistamg.com.br\/?post_type=product&#038;p=850"},"modified":"2024-08-30T17:46:36","modified_gmt":"2024-08-30T17:46:36","slug":"torneira-mesa-loggica-bica-alta-lavatorio-90-docol","status":"publish","type":"product","link":"https:\/\/deposito.grupoboavistamg.com.br\/?product=torneira-mesa-loggica-bica-alta-lavatorio-90-docol","title":{"rendered":"Torneira Mesa Loggica Bica Alta Lavat\u00f3rio 90 &#8211; Docol"},"content":{"rendered":"<p>Torneira para lavat\u00f3rio L\u00f3ggica 90\u00b0 bica alta cromada Docol Versatilidade para todos os ambientes Arejador embutido: conforto no jato, evita respingos na cuba e desperd\u00edcio de \u00e1gua Volante em alavanca, que proporciona maior conforto e leveza no acionamento. Acabamento superficial cromado, com alta resist\u00eancia \u00e0 corros\u00e3o e riscos Cartucho de acionamento 1\/4 de volta com pastilha cer\u00e2mica de alta performance Bitola de 1\/2&#8243; Funcionamento perfeito em baixa e alta press\u00e3o de 0,2 a 4 kgf\/cm<\/p>\n","protected":false},"excerpt":{"rendered":"<p>Torneira para lavat\u00f3rio L\u00f3ggica 90\u00b0 bica alta cromada Docol Versatilidade para todos os ambientes Arejador embutido: conforto no jato, evita&hellip;<\/p>\n","protected":false},"featured_media":854,"template":"","meta":[],"product_cat":[35,37],"product_tag":[],"class_list":{"0":"post-850","1":"product","2":"type-product","3":"status-publish","4":"has-post-thumbnail","6":"product_cat-agua","7":"product_cat-torneira","9":"first","10":"instock","11":"shipping-taxable","12":"product-type-simple"},"_links":{"self":[{"href":"https:\/\/deposito.grupoboavistamg.com.br\/index.php?rest_route=\/wp\/v2\/product\/850"}],"collection":[{"href":"https:\/\/deposito.grupoboavistamg.com.br\/index.php?rest_route=\/wp\/v2\/product"}],"about":[{"href":"https:\/\/deposito.grupoboavistamg.com.br\/index.php?rest_route=\/wp\/v2\/types\/product"}],"wp:featuredmedia":[{"embeddable":true,"href":"https:\/\/deposito.grupoboavistamg.com.br\/index.php?rest_route=\/wp\/v2\/media\/854"}],"wp:attachment":[{"href":"https:\/\/deposito.grupoboavistamg.com.br\/index.php?rest_route=%2Fwp%2Fv2%2Fmedia&parent=850"}],"wp:term":[{"taxonomy":"product_cat","embeddable":true,"href":"https:\/\/deposito.grupoboavistamg.com.br\/index.php?rest_route=%2Fwp%2Fv2%2Fproduct_cat&post=850"},{"taxonomy":"product_tag","embeddable":true,"href":"https:\/\/deposito.grupoboavistamg.com.br\/index.php?rest_route=%2Fwp%2Fv2%2Fproduct_tag&post=850"}],"curies":[{"name":"wp","href":"https:\/\/api.w.org\/{rel}","templated":true}]}}