{"id":631,"date":"2024-08-08T17:18:34","date_gmt":"2024-08-08T17:18:34","guid":{"rendered":"https:\/\/deposito.grupoboavistamg.com.br\/?post_type=product&#038;p=631"},"modified":"2024-08-08T17:18:46","modified_gmt":"2024-08-08T17:18:46","slug":"escada-aluminio-extensiva-2x12-mor","status":"publish","type":"product","link":"https:\/\/deposito.grupoboavistamg.com.br\/?product=escada-aluminio-extensiva-2x12-mor","title":{"rendered":"ESCADA ALUMINIO EXTENSIVA 2X12 MOR"},"content":{"rendered":"<p>Escada de Alum\u00ednio Extensiva 2 x 12 Degraus<br \/>\nDescri\u00e7\u00e3o do Produto:<br \/>\n&#8211; Dimens\u00f5es:<br \/>\n* Articulada: 3,90 x 3,65m<br \/>\n* Separada: 3,60m x 3,51m<br \/>\n* Estendida: 6,60 x 6,42m<br \/>\nPeso: 14,02Kg<\/p>\n","protected":false},"excerpt":{"rendered":"<p>Escada de Alum\u00ednio Extensiva 2 x 12 Degraus Descri\u00e7\u00e3o do Produto: &#8211; Dimens\u00f5es: * Articulada: 3,90 x 3,65m * Separada:&hellip;<\/p>\n","protected":false},"featured_media":651,"template":"","meta":[],"product_cat":[23],"product_tag":[],"class_list":{"0":"post-631","1":"product","2":"type-product","3":"status-publish","4":"has-post-thumbnail","6":"product_cat-escadas","8":"first","9":"instock","10":"shipping-taxable","11":"product-type-simple"},"_links":{"self":[{"href":"https:\/\/deposito.grupoboavistamg.com.br\/index.php?rest_route=\/wp\/v2\/product\/631"}],"collection":[{"href":"https:\/\/deposito.grupoboavistamg.com.br\/index.php?rest_route=\/wp\/v2\/product"}],"about":[{"href":"https:\/\/deposito.grupoboavistamg.com.br\/index.php?rest_route=\/wp\/v2\/types\/product"}],"wp:featuredmedia":[{"embeddable":true,"href":"https:\/\/deposito.grupoboavistamg.com.br\/index.php?rest_route=\/wp\/v2\/media\/651"}],"wp:attachment":[{"href":"https:\/\/deposito.grupoboavistamg.com.br\/index.php?rest_route=%2Fwp%2Fv2%2Fmedia&parent=631"}],"wp:term":[{"taxonomy":"product_cat","embeddable":true,"href":"https:\/\/deposito.grupoboavistamg.com.br\/index.php?rest_route=%2Fwp%2Fv2%2Fproduct_cat&post=631"},{"taxonomy":"product_tag","embeddable":true,"href":"https:\/\/deposito.grupoboavistamg.com.br\/index.php?rest_route=%2Fwp%2Fv2%2Fproduct_tag&post=631"}],"curies":[{"name":"wp","href":"https:\/\/api.w.org\/{rel}","templated":true}]}}