{"id":625,"date":"2024-08-08T17:18:13","date_gmt":"2024-08-08T17:18:13","guid":{"rendered":"https:\/\/deposito.grupoboavistamg.com.br\/?post_type=product&#038;p=625"},"modified":"2024-08-08T17:18:39","modified_gmt":"2024-08-08T17:18:39","slug":"escada-aluminio-extensiva-2x6-mor","status":"publish","type":"product","link":"https:\/\/deposito.grupoboavistamg.com.br\/?product=escada-aluminio-extensiva-2x6-mor","title":{"rendered":"ESCADA ALUMINIO EXTENSIVA 2X6 MOR"},"content":{"rendered":"<p>Escada de Alum\u00ednio Extensiva 2 x 6 Degraus<br \/>\n1,97 x 3,09 Metros<br \/>\nCom 3 anos de garantia, ela suporta at\u00e9 150 Kg e alcan\u00e7a at\u00e9 3,09 metros.<\/p>\n","protected":false},"excerpt":{"rendered":"<p>Escada de Alum\u00ednio Extensiva 2 x 6 Degraus 1,97 x 3,09 Metros Com 3 anos de garantia, ela suporta at\u00e9&hellip;<\/p>\n","protected":false},"featured_media":203,"template":"","meta":[],"product_cat":[23],"product_tag":[],"class_list":{"0":"post-625","1":"product","2":"type-product","3":"status-publish","4":"has-post-thumbnail","6":"product_cat-escadas","8":"first","9":"instock","10":"shipping-taxable","11":"product-type-simple"},"_links":{"self":[{"href":"https:\/\/deposito.grupoboavistamg.com.br\/index.php?rest_route=\/wp\/v2\/product\/625"}],"collection":[{"href":"https:\/\/deposito.grupoboavistamg.com.br\/index.php?rest_route=\/wp\/v2\/product"}],"about":[{"href":"https:\/\/deposito.grupoboavistamg.com.br\/index.php?rest_route=\/wp\/v2\/types\/product"}],"wp:featuredmedia":[{"embeddable":true,"href":"https:\/\/deposito.grupoboavistamg.com.br\/index.php?rest_route=\/wp\/v2\/media\/203"}],"wp:attachment":[{"href":"https:\/\/deposito.grupoboavistamg.com.br\/index.php?rest_route=%2Fwp%2Fv2%2Fmedia&parent=625"}],"wp:term":[{"taxonomy":"product_cat","embeddable":true,"href":"https:\/\/deposito.grupoboavistamg.com.br\/index.php?rest_route=%2Fwp%2Fv2%2Fproduct_cat&post=625"},{"taxonomy":"product_tag","embeddable":true,"href":"https:\/\/deposito.grupoboavistamg.com.br\/index.php?rest_route=%2Fwp%2Fv2%2Fproduct_tag&post=625"}],"curies":[{"name":"wp","href":"https:\/\/api.w.org\/{rel}","templated":true}]}}