{"id":1077,"date":"2024-09-13T18:02:12","date_gmt":"2024-09-13T18:02:12","guid":{"rendered":"https:\/\/deposito.grupoboavistamg.com.br\/?post_type=product&#038;p=1077"},"modified":"2024-09-13T18:02:12","modified_gmt":"2024-09-13T18:02:12","slug":"espacador-para-piso-ceramico-cruzeta-espacador","status":"publish","type":"product","link":"https:\/\/deposito.grupoboavistamg.com.br\/?product=espacador-para-piso-ceramico-cruzeta-espacador","title":{"rendered":"Espa\u00e7ador Para Piso Cer\u00e2mico Cruzeta &#8211; Espa\u00e7ador"},"content":{"rendered":"<p>Espa\u00e7ador Juntapiso Cortag<\/p>\n<p>Espa\u00e7ador flex\u00edvel para pisos atua como anti-dilatador, evitando poss\u00edvel movimento de suas pe\u00e7as cer\u00e2micas.<\/p>\n<p>Sistema de nivelamento de pisos e revestimentos. Ideal para assentamento de porcelanas, garante o nivelamento correto entre as pe\u00e7as e minimiza o tempo de aplica\u00e7\u00e3o.<\/p>\n<p>Medidas: Diversas<\/p>\n","protected":false},"excerpt":{"rendered":"<p>Espa\u00e7ador Juntapiso Cortag Espa\u00e7ador flex\u00edvel para pisos atua como anti-dilatador, evitando poss\u00edvel movimento de suas pe\u00e7as cer\u00e2micas. Sistema de nivelamento&hellip;<\/p>\n","protected":false},"featured_media":1085,"template":"","meta":[],"product_cat":[51,52],"product_tag":[],"class_list":{"0":"post-1077","1":"product","2":"type-product","3":"status-publish","4":"has-post-thumbnail","6":"product_cat-espacador","7":"product_cat-espacador-2","9":"first","10":"instock","11":"shipping-taxable","12":"product-type-simple"},"_links":{"self":[{"href":"https:\/\/deposito.grupoboavistamg.com.br\/index.php?rest_route=\/wp\/v2\/product\/1077"}],"collection":[{"href":"https:\/\/deposito.grupoboavistamg.com.br\/index.php?rest_route=\/wp\/v2\/product"}],"about":[{"href":"https:\/\/deposito.grupoboavistamg.com.br\/index.php?rest_route=\/wp\/v2\/types\/product"}],"wp:featuredmedia":[{"embeddable":true,"href":"https:\/\/deposito.grupoboavistamg.com.br\/index.php?rest_route=\/wp\/v2\/media\/1085"}],"wp:attachment":[{"href":"https:\/\/deposito.grupoboavistamg.com.br\/index.php?rest_route=%2Fwp%2Fv2%2Fmedia&parent=1077"}],"wp:term":[{"taxonomy":"product_cat","embeddable":true,"href":"https:\/\/deposito.grupoboavistamg.com.br\/index.php?rest_route=%2Fwp%2Fv2%2Fproduct_cat&post=1077"},{"taxonomy":"product_tag","embeddable":true,"href":"https:\/\/deposito.grupoboavistamg.com.br\/index.php?rest_route=%2Fwp%2Fv2%2Fproduct_tag&post=1077"}],"curies":[{"name":"wp","href":"https:\/\/api.w.org\/{rel}","templated":true}]}}