{"id":1004,"date":"2024-09-10T18:40:11","date_gmt":"2024-09-10T18:40:11","guid":{"rendered":"https:\/\/deposito.grupoboavistamg.com.br\/?post_type=product&#038;p=1004"},"modified":"2024-09-10T18:40:11","modified_gmt":"2024-09-10T18:40:11","slug":"garrafa-termica-inox-18-litro-aladdin-cafe-cha-agua-pressao","status":"publish","type":"product","link":"https:\/\/deposito.grupoboavistamg.com.br\/?product=garrafa-termica-inox-18-litro-aladdin-cafe-cha-agua-pressao","title":{"rendered":"Garrafa T\u00e9rmica Inox 1,8 Litro Aladdin Caf\u00e9 Ch\u00e1 \u00c1gua Press\u00e3o"},"content":{"rendered":"<p>Garrafa T\u00e9rmica Massima Press\u00e3o Aladdin 1,8 Litros A\u00e7o Inox<\/p>\n<p>Deixe o ambiente de sua casa ou com\u00e9rcio ainda mais bonito e elegante com esta linda garrafa t\u00e9rmica! Com seu design, praticidade e qualidade inconfund\u00edvel, a Garrafa T\u00e9rmica Massima \u00e9 ideal para agregar ainda mais beleza na hora de servir seu caf\u00e9 ou ch\u00e1. Est\u00e1 garrafa tem capacidade para 1,8 Litros e mant\u00e9m seu caf\u00e9 ou ch\u00e1 quentes por muito mais tempo, al\u00e9m disso ela n\u00e3o vaza, livre de BPA, mant\u00e9m 18 Horas Quente e 30 Horas Frio! Adquira Hoje Mesmo e Aproveite!<\/p>\n","protected":false},"excerpt":{"rendered":"<p>Garrafa T\u00e9rmica Massima Press\u00e3o Aladdin 1,8 Litros A\u00e7o Inox Deixe o ambiente de sua casa ou com\u00e9rcio ainda mais bonito&hellip;<\/p>\n","protected":false},"featured_media":1006,"template":"","meta":[],"product_cat":[46],"product_tag":[],"class_list":{"0":"post-1004","1":"product","2":"type-product","3":"status-publish","4":"has-post-thumbnail","6":"product_cat-garrafa","8":"first","9":"instock","10":"shipping-taxable","11":"product-type-simple"},"_links":{"self":[{"href":"https:\/\/deposito.grupoboavistamg.com.br\/index.php?rest_route=\/wp\/v2\/product\/1004"}],"collection":[{"href":"https:\/\/deposito.grupoboavistamg.com.br\/index.php?rest_route=\/wp\/v2\/product"}],"about":[{"href":"https:\/\/deposito.grupoboavistamg.com.br\/index.php?rest_route=\/wp\/v2\/types\/product"}],"wp:featuredmedia":[{"embeddable":true,"href":"https:\/\/deposito.grupoboavistamg.com.br\/index.php?rest_route=\/wp\/v2\/media\/1006"}],"wp:attachment":[{"href":"https:\/\/deposito.grupoboavistamg.com.br\/index.php?rest_route=%2Fwp%2Fv2%2Fmedia&parent=1004"}],"wp:term":[{"taxonomy":"product_cat","embeddable":true,"href":"https:\/\/deposito.grupoboavistamg.com.br\/index.php?rest_route=%2Fwp%2Fv2%2Fproduct_cat&post=1004"},{"taxonomy":"product_tag","embeddable":true,"href":"https:\/\/deposito.grupoboavistamg.com.br\/index.php?rest_route=%2Fwp%2Fv2%2Fproduct_tag&post=1004"}],"curies":[{"name":"wp","href":"https:\/\/api.w.org\/{rel}","templated":true}]}}